{"id":4349,"date":"2021-04-29T15:39:17","date_gmt":"2021-04-29T15:39:17","guid":{"rendered":"https:\/\/nlp-core.ch\/?page_id=4349"},"modified":"2025-12-15T15:09:05","modified_gmt":"2025-12-15T15:09:05","slug":"core-nlp-master-2","status":"publish","type":"page","link":"https:\/\/nlp-core.ch\/index.php\/core-nlp-master-2\/","title":{"rendered":"CORE NLP Master"},"content":{"rendered":"<p>[et_pb_section fb_built=&#8220;1&#8243; admin_label=&#8220;Courses&#8220; _builder_version=&#8220;4.16&#8243; custom_padding=&#8220;0px|0px|0px|0px||&#8220; global_colors_info=&#8220;{}&#8220;][et_pb_row _builder_version=&#8220;4.16&#8243; _module_preset=&#8220;default&#8220; global_colors_info=&#8220;{}&#8220;][et_pb_column type=&#8220;4_4&#8243; _builder_version=&#8220;4.16&#8243; _module_preset=&#8220;default&#8220; global_colors_info=&#8220;{}&#8220;][\/et_pb_column][\/et_pb_row][et_pb_row _builder_version=&#8220;4.16&#8243; _module_preset=&#8220;default&#8220; global_colors_info=&#8220;{}&#8220;][et_pb_column type=&#8220;4_4&#8243; _builder_version=&#8220;4.16&#8243; _module_preset=&#8220;default&#8220; global_colors_info=&#8220;{}&#8220;][et_pb_image src=&#8220;https:\/\/nlp-core.ch\/wp-content\/uploads\/2025\/11\/NLP-Master-Darstellung-2025-1-pdf.jpg&#8220; title_text=&#8220;NLP Master Darstellung 2025&#8243; _builder_version=&#8220;4.25.0&#8243; _module_preset=&#8220;default&#8220; global_colors_info=&#8220;{}&#8220;][\/et_pb_image][et_pb_text _builder_version=&#8220;4.16&#8243; _module_preset=&#8220;default&#8220; min_height=&#8220;73.6px&#8220; global_colors_info=&#8220;{}&#8220;]<\/p>\n<h2><span style=\"color: #800000;\">Inhalte der einzelnen Module<\/span><\/h2>\n<p>[\/et_pb_text][et_pb_text _builder_version=&#8220;4.16&#8243; _module_preset=&#8220;default&#8220; global_colors_info=&#8220;{}&#8220;][\/et_pb_text][\/et_pb_column][\/et_pb_row][et_pb_row column_structure=&#8220;1_2,1_2&#8243; _builder_version=&#8220;4.16&#8243; background_size=&#8220;initial&#8220; background_position=&#8220;top_left&#8220; background_repeat=&#8220;repeat&#8220; custom_margin=&#8220;|||&#8220; custom_padding=&#8220;0px|0px|27px|0px&#8220; global_colors_info=&#8220;{}&#8220;][et_pb_column type=&#8220;1_2&#8243; _builder_version=&#8220;4.16&#8243; custom_padding=&#8220;|||&#8220; global_colors_info=&#8220;{}&#8220; custom_padding__hover=&#8220;|||&#8220;][et_pb_blurb title=&#8220;CORE NLP Master Modul A&#8220; url=&#8220;#&#8220; image=&#8220;https:\/\/nlp-core.ch\/wp-content\/uploads\/2021\/04\/coding-icon_8.jpg&#8220; icon_placement=&#8220;left&#8220; content_max_width=&#8220;1100px&#8220; _builder_version=&#8220;4.16&#8243; header_font=&#8220;|on|||&#8220; header_text_color=&#8220;#2e2545&#8243; header_line_height=&#8220;1.5em&#8220; body_text_color=&#8220;#8585bd&#8220; body_font_size=&#8220;16px&#8220; body_line_height=&#8220;1.9em&#8220; background_color=&#8220;#ffffff&#8220; background_size=&#8220;initial&#8220; background_position=&#8220;top_left&#8220; background_repeat=&#8220;repeat&#8220; custom_margin=&#8220;-80px||10%|&#8220; custom_padding=&#8220;30px|40px|30px|40px&#8220; animation_style=&#8220;zoom&#8220; animation_direction=&#8220;bottom&#8220; animation_intensity_zoom=&#8220;20%&#8220; animation_starting_opacity=&#8220;100%&#8220; box_shadow_style=&#8220;preset2&#8243; box_shadow_horizontal=&#8220;0px&#8220; box_shadow_vertical=&#8220;0px&#8220; box_shadow_blur=&#8220;60px&#8220; box_shadow_color=&#8220;rgba(71,74,182,0.12)&#8220; locked=&#8220;off&#8220; global_colors_info=&#8220;{}&#8220;]<\/p>\n<p><b>Selbstintegration<\/b><\/p>\n<ul>\n<li>Individuelle Anwendung ausgew\u00e4hlter Methoden des NLP f\u00fcr die pers\u00f6nliche Weiterentwicklung jedes Teilnehmers<\/li>\n<li>Vertiefen und vervollkommnen des Practitioner-Niveaus im wechselseitigen Austausch<\/li>\n<li>Teamarbeit, Wachstumsmodelle, Selbst-Coaching, Training der Erarbeitung von Pers\u00f6nlichkeitsmustern durch Interviews mit Pattern Modelings<\/li>\n<li>Erkennen und ver\u00e4ndern von Glaubenssystemen<\/li>\n<li>Wir repetieren und vertiefen die Metaprogramme und beginnen die Arbeit mit den Pattern Modelings, die uns w\u00e4hrend der ganzen Master Ausbildung begleiten wird.<\/li>\n<\/ul>\n<p>[\/et_pb_blurb][et_pb_blurb title=&#8220;NLP CORE Master Modul B&#8220; url=&#8220;#&#8220; image=&#8220;https:\/\/nlp-core.ch\/wp-content\/uploads\/2021\/04\/coding-icon_1.jpg&#8220; icon_placement=&#8220;left&#8220; content_max_width=&#8220;1100px&#8220; _builder_version=&#8220;4.16&#8243; header_font=&#8220;|on|||&#8220; header_text_color=&#8220;#2e2545&#8243; header_line_height=&#8220;1.5em&#8220; body_text_color=&#8220;#8585bd&#8220; body_font_size=&#8220;16px&#8220; body_line_height=&#8220;1.9em&#8220; background_color=&#8220;#ffffff&#8220; background_size=&#8220;initial&#8220; background_position=&#8220;top_left&#8220; background_repeat=&#8220;repeat&#8220; custom_margin=&#8220;||10%|&#8220; custom_padding=&#8220;30px|40px|30px|40px&#8220; animation_style=&#8220;zoom&#8220; animation_direction=&#8220;bottom&#8220; animation_intensity_zoom=&#8220;20%&#8220; animation_starting_opacity=&#8220;100%&#8220; box_shadow_style=&#8220;preset2&#8243; box_shadow_horizontal=&#8220;0px&#8220; box_shadow_vertical=&#8220;0px&#8220; box_shadow_blur=&#8220;60px&#8220; box_shadow_color=&#8220;rgba(71,74,182,0.12)&#8220; locked=&#8220;off&#8220; global_colors_info=&#8220;{}&#8220;]<\/p>\n<p><b>Strategien \/ Kreativit\u00e4t<\/b><\/p>\n<ul>\n<li>Entdecken des inneren Kindes und Wiedererwecken der Kreativit\u00e4t<\/li>\n<li>Inner-Child, Core-Transformation-Prozess, Time Line Therapie, Re-Im-printing<\/li>\n<li>Strategien elicitieren, Strategien modellieren, Kontrastmethode mit Strategien<\/li>\n<li>Sleight of mouth-Patterns: der kreative Umgang mit der Sprache<\/li>\n<li>Mitnehmen zu Teil B: ein Kuscheltier und mindestens ein Foto von Dir aus der Kindheit\u00a0<\/li>\n<\/ul>\n<p>[\/et_pb_blurb][\/et_pb_column][et_pb_column type=&#8220;1_2&#8243; _builder_version=&#8220;4.16&#8243; custom_padding=&#8220;|||&#8220; global_colors_info=&#8220;{}&#8220; custom_padding__hover=&#8220;|||&#8220;][et_pb_blurb title=&#8220;CORE NLP Master Modul C&#8220; url=&#8220;#&#8220; image=&#8220;https:\/\/nlp-core.ch\/wp-content\/uploads\/2021\/04\/coding-icon_7.jpg&#8220; icon_placement=&#8220;left&#8220; content_max_width=&#8220;1100px&#8220; _builder_version=&#8220;4.16&#8243; header_font=&#8220;|on|||&#8220; header_text_color=&#8220;#2e2545&#8243; header_line_height=&#8220;1.5em&#8220; body_text_color=&#8220;#8585bd&#8220; body_font_size=&#8220;16px&#8220; body_line_height=&#8220;1.9em&#8220; background_color=&#8220;#ffffff&#8220; background_size=&#8220;initial&#8220; background_position=&#8220;top_left&#8220; background_repeat=&#8220;repeat&#8220; custom_margin=&#8220;-76px||10%|||&#8220; custom_margin_tablet=&#8220;0px||10%|&#8220; custom_margin_phone=&#8220;&#8220; custom_margin_last_edited=&#8220;on|phone&#8220; custom_padding=&#8220;30px|40px|30px|40px&#8220; animation_style=&#8220;zoom&#8220; animation_direction=&#8220;bottom&#8220; animation_delay=&#8220;100ms&#8220; animation_intensity_zoom=&#8220;20%&#8220; animation_starting_opacity=&#8220;100%&#8220; box_shadow_style=&#8220;preset2&#8243; box_shadow_horizontal=&#8220;0px&#8220; box_shadow_vertical=&#8220;0px&#8220; box_shadow_blur=&#8220;60px&#8220; box_shadow_color=&#8220;rgba(71,74,182,0.12)&#8220; locked=&#8220;off&#8220; global_colors_info=&#8220;{}&#8220;]<\/p>\n<p><b>Metaphern, Lebensmetaphern<\/b><\/p>\n<ul>\n<li>Metaphern in der Sprache, NLP Prozesse mit Metaphern<br \/>Neue Interventionen mit Metaphern<\/li>\n<li>Lebensmetaphern<\/li>\n<li>Kreativer Umgang mit verschiedenen Techniken und Materialien<\/li>\n<\/ul>\n<p>[\/et_pb_blurb][et_pb_blurb title=&#8220;CORE NLP Master Modul D&#8220; url=&#8220;#www.nlp-core.ch\/startnlp&#8220; image=&#8220;https:\/\/nlp-core.ch\/wp-content\/uploads\/2020\/09\/cropped-CORE_Dreh-zur-Loesung-links.jpg&#8220; icon_placement=&#8220;left&#8220; content_max_width=&#8220;1100px&#8220; _builder_version=&#8220;4.16&#8243; header_font=&#8220;|on|||&#8220; header_text_color=&#8220;#2e2545&#8243; header_line_height=&#8220;1.5em&#8220; body_text_color=&#8220;#8585bd&#8220; body_font_size=&#8220;16px&#8220; body_line_height=&#8220;1.9em&#8220; background_color=&#8220;#ffffff&#8220; background_size=&#8220;initial&#8220; background_position=&#8220;top_left&#8220; background_repeat=&#8220;repeat&#8220; custom_margin=&#8220;||10%|&#8220; custom_padding=&#8220;30px|40px|30px|40px&#8220; animation_style=&#8220;zoom&#8220; animation_direction=&#8220;bottom&#8220; animation_delay=&#8220;100ms&#8220; animation_intensity_zoom=&#8220;20%&#8220; animation_starting_opacity=&#8220;100%&#8220; link_option_url=&#8220;www.nlp-core.ch\/startnlp&#8220; link_option_url_new_window=&#8220;on&#8220; box_shadow_style=&#8220;preset2&#8243; box_shadow_horizontal=&#8220;0px&#8220; box_shadow_vertical=&#8220;0px&#8220; box_shadow_blur=&#8220;60px&#8220; box_shadow_color=&#8220;rgba(71,74,182,0.12)&#8220; locked=&#8220;off&#8220; global_colors_info=&#8220;{}&#8220;]<\/p>\n<p><b>Fortgeschrittene, komplexe NLP Techniken<\/b><\/p>\n<ul>\n<li>Erweiterte Strategien<\/li>\n<li>Glaubensatzver\u00e4nderungen mit neuen Techniken<br \/>Erweiterte Time Line Arbeit<\/li>\n<li>NLP Arbeit mit Zw\u00e4ngen, mit Trauer und Abschied<\/li>\n<\/ul>\n<p>&nbsp;<\/p>\n<p><b>Metaphern, Lebensmetaphern<\/b><\/p>\n<ul>\n<li><\/li>\n<\/ul>\n<p>[\/et_pb_blurb][et_pb_blurb title=&#8220;CORE NLP Master Modul E&#8220; url=&#8220;#&#8220; image=&#8220;https:\/\/nlp-core.ch\/wp-content\/uploads\/2021\/04\/coding-icon_6.jpg&#8220; icon_placement=&#8220;left&#8220; content_max_width=&#8220;1100px&#8220; _builder_version=&#8220;4.16&#8243; header_font=&#8220;|on|||&#8220; header_text_color=&#8220;#2e2545&#8243; header_line_height=&#8220;1.5em&#8220; body_text_color=&#8220;#8585bd&#8220; body_font_size=&#8220;16px&#8220; body_line_height=&#8220;1.9em&#8220; background_color=&#8220;#ffffff&#8220; background_size=&#8220;initial&#8220; background_position=&#8220;top_left&#8220; background_repeat=&#8220;repeat&#8220; custom_margin=&#8220;||10%|&#8220; custom_padding=&#8220;30px|40px|30px|40px&#8220; animation_style=&#8220;zoom&#8220; animation_direction=&#8220;bottom&#8220; animation_delay=&#8220;100ms&#8220; animation_intensity_zoom=&#8220;20%&#8220; animation_starting_opacity=&#8220;100%&#8220; box_shadow_style=&#8220;preset2&#8243; box_shadow_horizontal=&#8220;0px&#8220; box_shadow_vertical=&#8220;0px&#8220; box_shadow_blur=&#8220;60px&#8220; box_shadow_color=&#8220;rgba(71,74,182,0.12)&#8220; locked=&#8220;off&#8220; global_colors_info=&#8220;{}&#8220;]<\/p>\n<p><b>Fortgeschrittene Submodalit\u00e4ten und Metaprogramme<\/b><\/p>\n<ul>\n<li>NLP Arbeit mit Systemen<\/li>\n<li>Modeling von Gruppenprozessen<\/li>\n<li>Umsetzung in Organisationen<\/li>\n<li>Reflexion und Verbesserung der individuellen Arbeitsstile<\/li>\n<li>Pr\u00e4sentation der Master-Zertifikatsarbeit<\/li>\n<\/ul>\n<p>\u00c4nderungen vorbehalten<\/p>\n<p>[\/et_pb_blurb][\/et_pb_column][\/et_pb_row][\/et_pb_section][et_pb_section fb_built=&#8220;1&#8243; admin_label=&#8220;Footer&#8220; _builder_version=&#8220;4.16&#8243; background_color=&#8220;#f7f8fc&#8220; custom_padding=&#8220;0px|0px|100px|0px&#8220; animation_style=&#8220;zoom&#8220; animation_direction=&#8220;bottom&#8220; animation_intensity_zoom=&#8220;6%&#8220; animation_starting_opacity=&#8220;100%&#8220; saved_tabs=&#8220;all&#8220; locked=&#8220;off&#8220; global_colors_info=&#8220;{}&#8220;][et_pb_row column_structure=&#8220;1_2,1_2&#8243; _builder_version=&#8220;4.16&#8243; _module_preset=&#8220;default&#8220; global_colors_info=&#8220;{}&#8220;][et_pb_column type=&#8220;1_2&#8243; _builder_version=&#8220;4.25.0&#8243; _module_preset=&#8220;default&#8220; global_colors_info=&#8220;{}&#8220;][\/et_pb_column][et_pb_column type=&#8220;1_2&#8243; _builder_version=&#8220;4.16&#8243; _module_preset=&#8220;default&#8220; global_colors_info=&#8220;{}&#8220;][et_pb_button button_url=&#8220;https:\/\/nlp-core.ch\/wp-content\/uploads\/2025\/12\/Ausbildung-Master_2026_def.pdf&#8220; url_new_window=&#8220;on&#8220; button_text=&#8220;Prospekt Termine 26&#8243; button_alignment=&#8220;center&#8220; _builder_version=&#8220;4.25.0&#8243; _module_preset=&#8220;default&#8220; global_colors_info=&#8220;{}&#8220;][\/et_pb_button][et_pb_button button_url=&#8220;https:\/\/nlp-core.ch\/wp-content\/uploads\/2025\/12\/Ausbildung-Master_2026-27_def-1.pdf&#8220; url_new_window=&#8220;on&#8220; button_text=&#8220;Prospekt Termine 26 27&#8243; button_alignment=&#8220;center&#8220; _builder_version=&#8220;4.25.0&#8243; _module_preset=&#8220;default&#8220; hover_enabled=&#8220;0&#8243; global_colors_info=&#8220;{}&#8220; sticky_enabled=&#8220;0&#8243;][\/et_pb_button][et_pb_blog _builder_version=&#8220;4.25.0&#8243; _module_preset=&#8220;default&#8220; global_colors_info=&#8220;{}&#8220;][\/et_pb_blog][et_pb_button button_url=&#8220;@ET-DC@eyJkeW5hbWljIjp0cnVlLCJjb250ZW50IjoicG9zdF9saW5rX3VybF9wYWdlIiwic2V0dGluZ3MiOnsicG9zdF9pZCI6IjM1NDYifX0=@&#8220; url_new_window=&#8220;on&#8220; button_text=&#8220;Anmeldung&#8220; button_alignment=&#8220;center&#8220; _builder_version=&#8220;4.16&#8243; _dynamic_attributes=&#8220;button_url&#8220; _module_preset=&#8220;default&#8220; global_colors_info=&#8220;{}&#8220;][\/et_pb_button][\/et_pb_column][\/et_pb_row][\/et_pb_section]<\/p>\n","protected":false},"excerpt":{"rendered":"<p>Inhalte der einzelnen ModuleSelbstintegration Individuelle Anwendung ausgew\u00e4hlter Methoden des NLP f\u00fcr die pers\u00f6nliche Weiterentwicklung jedes Teilnehmers Vertiefen und vervollkommnen des Practitioner-Niveaus im wechselseitigen Austausch Teamarbeit, Wachstumsmodelle, Selbst-Coaching, Training der Erarbeitung von Pers\u00f6nlichkeitsmustern durch Interviews mit Pattern Modelings Erkennen und ver\u00e4ndern von Glaubenssystemen Wir repetieren und vertiefen die Metaprogramme und beginnen die Arbeit mit den Pattern [&hellip;]<\/p>\n","protected":false},"author":1,"featured_media":0,"parent":0,"menu_order":0,"comment_status":"closed","ping_status":"closed","template":"","meta":{"_et_pb_use_builder":"on","_et_pb_old_content":"","_et_gb_content_width":"","footnotes":""},"class_list":["post-4349","page","type-page","status-publish","hentry"],"_links":{"self":[{"href":"https:\/\/nlp-core.ch\/index.php\/wp-json\/wp\/v2\/pages\/4349","targetHints":{"allow":["GET"]}}],"collection":[{"href":"https:\/\/nlp-core.ch\/index.php\/wp-json\/wp\/v2\/pages"}],"about":[{"href":"https:\/\/nlp-core.ch\/index.php\/wp-json\/wp\/v2\/types\/page"}],"author":[{"embeddable":true,"href":"https:\/\/nlp-core.ch\/index.php\/wp-json\/wp\/v2\/users\/1"}],"replies":[{"embeddable":true,"href":"https:\/\/nlp-core.ch\/index.php\/wp-json\/wp\/v2\/comments?post=4349"}],"version-history":[{"count":58,"href":"https:\/\/nlp-core.ch\/index.php\/wp-json\/wp\/v2\/pages\/4349\/revisions"}],"predecessor-version":[{"id":242821,"href":"https:\/\/nlp-core.ch\/index.php\/wp-json\/wp\/v2\/pages\/4349\/revisions\/242821"}],"wp:attachment":[{"href":"https:\/\/nlp-core.ch\/index.php\/wp-json\/wp\/v2\/media?parent=4349"}],"curies":[{"name":"wp","href":"https:\/\/api.w.org\/{rel}","templated":true}]}}