{"id":242191,"date":"2021-10-10T16:05:54","date_gmt":"2021-10-10T16:05:54","guid":{"rendered":"https:\/\/nlp-core.ch\/?page_id=242191"},"modified":"2025-12-17T12:02:17","modified_gmt":"2025-12-17T12:02:17","slug":"coachingtherapiemethoden","status":"publish","type":"page","link":"https:\/\/nlp-core.ch\/index.php\/coachingtherapiemethoden\/","title":{"rendered":"Coaching Therapie Methoden"},"content":{"rendered":"<p>[et_pb_section fb_built=&#8220;1&#8243; _builder_version=&#8220;4.16&#8243; _module_preset=&#8220;default&#8220; global_colors_info=&#8220;{}&#8220;][et_pb_row _builder_version=&#8220;4.16&#8243; _module_preset=&#8220;default&#8220; custom_margin=&#8220;-48px|auto||auto||&#8220; global_colors_info=&#8220;{}&#8220;][et_pb_column type=&#8220;4_4&#8243; _builder_version=&#8220;4.16&#8243; _module_preset=&#8220;default&#8220; global_colors_info=&#8220;{}&#8220;][et_pb_text _builder_version=&#8220;4.25.0&#8243; _module_preset=&#8220;default&#8220; custom_margin=&#8220;-19px|||||&#8220; custom_padding=&#8220;0px|||||&#8220; hover_enabled=&#8220;0&#8243; global_colors_info=&#8220;{}&#8220; sticky_enabled=&#8220;0&#8243;]<\/p>\n<p>Sie bringen das Thema und das Anliegen &#8211; ich w\u00e4hle entsprechend der Thematik, der Dynamik und der Richtung der L\u00f6sung die Methode, die Sie optimal unterst\u00fctzt.<\/p>\n<p>[\/et_pb_text][\/et_pb_column][\/et_pb_row][et_pb_row _builder_version=&#8220;4.16&#8243; _module_preset=&#8220;default&#8220; global_colors_info=&#8220;{}&#8220;][et_pb_column type=&#8220;4_4&#8243; _builder_version=&#8220;4.16&#8243; _module_preset=&#8220;default&#8220; global_colors_info=&#8220;{}&#8220;][et_pb_text _builder_version=&#8220;4.16&#8243; _module_preset=&#8220;default&#8220; custom_padding=&#8220;1px|||||&#8220; hover_enabled=&#8220;0&#8243; global_colors_info=&#8220;{}&#8220; sticky_enabled=&#8220;0&#8243;]<\/p>\n<p>\u00a0<span style=\"font-size: large;\">Milton Ericksons Grundsatz:<\/span><\/p>\n<h3 style=\"text-align: center;\"><span style=\"color: #993300; font-size: large;\">Jeder Mensch ist einzigartig:<\/span><\/h3>\n<p>Eine Therapie wirkt dann effektiv, wenn sie auf die Besonderheiten und spezifischen Bed\u00fcrfnisse des Klienten zugeschnitten ist.Je nach Problem oder Ziel des Klienten sind unterschiedliche Methoden sinnvoll. Erst die Kombination verschiedener Verfahren erm\u00f6glicht eine individuell passende Vorgehensweise. Psychotherapeuten, die nur einen Ansatz vertreten, sind wie Kraftfahrzeugmechaniker, die nur einen Schraubenschl\u00fcssel haben.<\/p>\n<h1 style=\"text-align: center;\"><span style=\"color: #993300;\">Meine Angebote:<\/span><\/h1>\n<p>&nbsp;<\/p>\n<h3><span style=\"color: #993300;\">SYSTEMISCHE SELBST-INTEGRATION<\/span><\/h3>\n<h6>Nach Dr. Ero Langlotz\u00ae<\/h6>\n<p>Diese erweiterte Form der Familienaufstellung macht dem Klienten seine fr\u00fche Konditionierung bewusst. Die symbolische Ebene der Aufstellung schafft die \u201eB\u00fchne\u201c, auf der unbewusste Muster sichtbar und durch gezielte Interventionen gel\u00f6st werden kann.<\/p>\n<p>Schritt f\u00fcr Schritt erkennt der Klient:<\/p>\n<p>+ F\u00fchlt er sich im Raum des anderen zust\u00e4ndig?+ Welche Rollen hat er \u00fcbernommen?+ Hat er dem Anderen den eigenen Raum \u201ezur Verf\u00fcgung gestellt\u201c?<\/p>\n<p>Im Ritual der Abgrenzung lernt er, seine Kraft f\u00fcr sich einsetzen, um das auf Distanz zu halten, was nicht zu seiner Identit\u00e4t geh\u00f6rt.<\/p>\n<p>Besonderheit: einfach, intensiv wirksam &#8211; auch bei Trauma.Das Konzept integriert Aspekte aus Gestalttherapie, Verhaltenstherapie und tiefenpsychologisch orientierter Therapie.<\/p>\n<p><em>Weitere Formate:<\/em> Abgrenzung zum Familienschicksal, Glaubenssatz und L\u00f6sung, Problem als Schl\u00fcssel zur L\u00f6sung.<\/p>\n<p>Aus: <a href=\"https:\/\/www.e-r-langlotz.de\/methode-systemische-selbstintegration\/systemische-selbst-integration\/\">https:\/\/www.e-r-langlotz.de\/methode-systemische-selbstintegration\/systemische-selbst-integration\/<\/a><\/p>\n<p>&nbsp;<\/p>\n<h3><span style=\"color: #993300;\">Strukturaufstellungen SYST\u00ae<\/span><\/h3>\n<h6>nach Matthias Varga von Kibed \/ Insa Sparrer<\/h6>\n<p>Ein systemisch-konstruktivistischer Ansatz, eingebettet in die l\u00f6sungsfokussierte Schule von Milwaukee. Mit Hilfe von Repr\u00e4sentanten werden Systeme dargestellt \u2013 als Interventionssystem und Sprache zugleich<\/p>\n<p>&nbsp;<\/p>\n<h3><span style=\"color: #993300;\">Systemische Einzel- Paar- und Familientherapie<\/span><\/h3>\n<p>Eine l\u00f6sungs- und handlungsorientierte Methode, die Menschen in Systemen bei relevanten Fragestellungen und Lebensthemen unterst\u00fctzt.<\/p>\n<p>Im Fokus:+ Ausbau und St\u00e4rkung pers\u00f6nlicher Ressourcen+ Einbeziehung um umgebenden Systeme (Familie, Lebens- und Arbeitsumfeld)+ Erweiterung von Wahrnehmung und Handlungsspielr\u00e4umen+ Einbeziehung famili\u00e4rer Aspekte \u00fcber Generationen hinweg<\/p>\n<h3><span style=\"font-size: large;\"><\/span><\/h3>\n<h3><span style=\"font-size: large; color: #993300;\"><\/span><\/h3>\n<h3><span style=\"font-size: large; color: #993300;\">Ericksonsche Hypnotherapie:<\/span><\/h3>\n<p>Die moderne Hypnotherapie nach Milton Erickson ist l\u00f6sungs- und ressourcenorientiert. Trancearbeit aktiviert unbewusste und unwillk\u00fcrliche Anteile, um Klienten beim Erreichen ihrer Ziele zu unterst\u00fctzen und ihre Ressourcen \u2013 hilfreiche F\u00e4higkeiten, Erinnerungen und Erfahrungen \u2013 zu aktivieren.<\/p>\n<h3><span style=\"color: #993300;\"><\/span><\/h3>\n<h3><span style=\"color: #993300;\"><\/span><\/h3>\n<h3><span style=\"color: #993300;\"><\/span><\/h3>\n<h3><span style=\"color: #993300;\">NLP &#8211; Neurolinguistisches Programmieren<\/span><\/h3>\n<p>Alle klassischen NLP-Interventionen mit ihrer hohen Wirksamkeit fliessen in meinen Coachings ein. Sie sind fester Bestandteil meiner Arbeit.<\/p>\n<p>\u00a0Seit 30 Jahren bieten wir Ausbildungen auf allen Stufen an &#8211; nun folgen nur noch 2x Master-Stufe.<\/p>\n<p>\u00a0&#8211; <a href=\"https:\/\/nlp-core.ch\/index.php\/nlpausbildung-practitioner-htm\/\" target=\"_blank\" rel=\"noopener\">Siehe Ausbildungen<\/a>.<span style=\"color: rgba(224, 43, 32, 0.5);\"> Ab 2026 biete ich nur noch 2 Master-Stufen an &#8212; im Coaching bin ich noch voll pr\u00e4sent in der Praxis &#8211; live oder online<\/span><\/p>\n<p><span style=\"color: #993300;\"><strong><span style=\"color: rgba(43, 43, 43, 0.5); font-size: small;\">Wirkung in der Praxis: <\/span><\/strong><span style=\"color: rgba(0, 0, 0, 0.5);\">NLP macht sichtbar, wei Menschen unterschiedlich wahrnehmen und kommunizieren. Es bietet wirksame Werkzeuge um:<\/span><\/span><\/p>\n<ul>\n<li><span style=\"color: rgba(0, 0, 0, 0.5);\">sich besser auf das Gegen\u00fcber einzustellen<\/span><\/li>\n<li><span style=\"color: rgba(0, 0, 0, 0.5);\">die eigenen Gef\u00fchl und Motivationen zu verstehen<\/span><\/li>\n<li><span style=\"color: rgba(0, 0, 0, 0.5);\">Vertrauen, Empathie und produktives Miteinander zu f\u00f6rdern<\/span><\/li>\n<\/ul>\n<h4><span style=\"color: rgba(0, 0, 0, 0.5); font-size: x-small;\">Wissenschaftliche Anerkennung:<\/span><\/h4>\n<p>Die Wirksamkeit von NLP wurde in zahlreichen Studien nachgewiesen. Die Europ\u00e4ische Gesellschaft f\u00fcr Psychotherapie (EAP) hat die Neurolinguistische Psychotherapie (NLPt) in ihr Verzeichnis wissenschaftlich anerkannter Therapieformen aufgenommen.<\/p>\n<p><strong>Qualifikation<\/strong>: Als zertifizierte NLP-Lehrtrainerin und Lehrcoach und NLPt wende ich NLP-Konzepte in meinen Coachings an, integriere es in andere Methoden \u2013 als bew\u00e4hrten &#8222;Werkzeugkasten&#8220; f\u00fcr erfolgreiche Pers\u00f6nlichkeitsentwicklung.<\/p>\n<p>&nbsp;<\/p>\n<h3><span style=\"color: #993300;\">PEP<sup>\u00ae<\/sup> Prozess und Embodimentfokussierte Psychologie<\/span><\/h3>\n<h4><span style=\"font-size: small;\">Nach Dr. Michael Bohne<\/span><\/h4>\n<p>PEP<sup>\u00ae <\/sup>kombiniert bifokal-multisensorische Interventionstechniken (wie EMDR, Brainspotting) mit Klopftechniken aus der Energetischen Psychologie (z.B. EFT, TFT). Dar\u00fcber hinaus integriert PEP psychodynamische, systemische und hypnotherapeutische Strategien.<\/p>\n<h3><span style=\"color: #993300;\"><\/span><\/h3>\n<h3><span style=\"color: #993300;\"><\/span><\/h3>\n<h3><span style=\"color: #993300;\"><\/span><\/h3>\n<h3><span style=\"color: #993300;\">Brainlog<\/span><\/h3>\n<p>nach Andreas Zimmermann \/ Ulrike Pape<\/p>\n<p>Brainlog\u00ae ist ein k\u00f6rperzentrierter, zielorientierter Ansatz, der die Quelle emotionalen oder k\u00f6rperlichen Schmerzes findet, fokussiert, verarbeitet und aufl\u00f6st. Die Methode leistet gleichzeitig Diagnostik und Behandlung.<\/p>\n<p>Brainlog entwickelt aus: Brainspotting.<\/p>\n<p><strong>Hintergrund<\/strong>: Bilaterale Stimulation wird bereits seit Mitte der 90er Jahre erfolgreich in der Psychotherapie eingesetzt. EMDR (Eye Movement Desensitization and Reprocessing) ist eines der ersten psychotherapeutisches Verfahren mit bilateraler Stimulation (links-rechts-Stimulation) und wurde urspr\u00fcnglich \u00fcberwiegend in der Trauma-Therapie eingesetzt.<\/p>\n<p>&nbsp;<\/p>\n<h3><span style=\"color: #993300;\">EMDR<\/span><\/h3>\n<p>Eye Movement Desensitization and Reprocessing (EMDR)<\/p>\n<p>ist eine von Dr. Francine Shapiro entwickelte Psychotherapiemethode zur Verarbeitung\u00a0 dysfunktional gespeicherter Erinnerungen, die zu verschiedenen St\u00f6rungsbildern f\u00fchren.<\/p>\n<p><strong>Urspr\u00fcnglich<\/strong>: Behandlung psychisch traumatisierter PatientInnen eingesetzt. <strong>Heute<\/strong>: Weltweit &#8211; auch durch die WHO \u2013 zur Behandlung von Posttraumatischen Belastungsst\u00f6rungen anerkannt.<\/p>\n<h3><span style=\"color: #993300;\"><\/span><\/h3>\n<h3><span style=\"color: #993300;\"><\/span><\/h3>\n<h3><span style=\"color: #993300;\"><\/span><\/h3>\n<h3><span style=\"color: #993300;\">Brainspotting<\/span><\/h3>\n<p><strong>Kernidee<\/strong>: Ihre Augenposition ist mit bestimmten Gef\u00fchlen und Erinnerungen verbunden \u2013 wir nutzen das, um traumatische oder belastende Erfahrungen zu verarbeiten.<\/p>\n<p><strong>Was passiert<\/strong>: Wir finden gemeinsam eine bestimmte Blickrichtung \u2013 einen &#8218;Brainspot&#8216; \u2013 wo Sie das belastende Gef\u00fchl am st\u00e4rksten sp\u00fcren. Dann bleiben Sie mit den Augen dort und beobachten einfach, was in Ihrem K\u00f6rper und Geist auftaucht. Das Gehirn organisiert sich selbst neu, wenn wir ihm den Zugang erm\u00f6glichen.<\/p>\n<p><strong>Warum es funktioniert<\/strong>: Trauma sitzt tiefer als Sprache \u2013 im K\u00f6rper, im Nervensystem. Durch die Augenposition aktivieren wir gezielt die Hirnregionen, wo diese Erfahrung &#8218;eingefroren&#8216; ist. Der K\u00f6rper kann dann die blockierte Verarbeitung nachholen. Die Methode wurde 2003 von David Grand aus dem EMDR entwickelt, ist neurowissenschaftlich fundiert und in Trauma-Studien wirksam.<\/p>\n<p><strong>Wie es sich anf\u00fchlt:<\/strong> Sie sitzen, ich halte einen Pointer, Sie folgen mit den Augen. Wenn wir den &#8218;richtigen&#8216; Punkt finden, merken Sie das oft k\u00f6rperlich \u2013 Spannung, Kribbeln, Emotion. Sie m\u00fcssen nichts tun oder analysieren \u2013 nur pr\u00e4sent bleiben. Wie wenn Sie einen verknoteten Faden entwirren \u2013 nicht durch Ziehen, sondern indem Sie den richtigen Punkt finden und halten, bis sich der Knoten l\u00f6st.<\/p>\n<h3><span style=\"color: #993300;\"><\/span><\/h3>\n<h3><span style=\"color: #993300;\"><\/span><\/h3>\n<h3><span style=\"color: #993300;\">Hypnosystemische Therapie<\/span><\/h3>\n<p><em>Nach Gunther Schmidt<\/em><\/p>\n<p>Dr. Gunter Schmidt gilt international als massgeblicher Pionier der systemisch-l\u00f6sungsorientierten Beratungsans\u00e4tze und als Begr\u00fcnder der hypnosystemischen Konzeption in Beratung, Coaching und Organisationsentwicklung und Psychotherapie.<\/p>\n<p><strong>Kernidee:<\/strong> Ein integratives Modell, das offene und verdeckte Kompetenzen der Klienten optimal nutzbar macht.<\/p>\n<p>&nbsp;<\/p>\n<h3><span style=\"color: #993300;\">MEM\u00a0 &#8211;\u00a0 Mind Energy Methode<\/span><\/h3>\n<p><em>Entwickelt von John Mace<\/em><\/p>\n<p>Mit dieser Methode werden tiefsitzende unbewusste Glaubenss\u00e4tze (beliefs) und alte schmerzhafte Gef\u00fchle gefunden und gel\u00f6st.<\/p>\n<p><strong>Besonderheit:<\/strong> \u00dcberwiegend nonverbale Arbeit \u2013 der Fokus liegt auf inneren Prozessen, die unbewusste, eingekapselte Muster entmachten.<\/p>\n<p><strong>Ausbildung:<\/strong> Ich biete Ausbildungen in dieser Methodik an \u2013 grunds\u00e4tzlich 1:1 oder in Kleinstgruppen von maximal 5 Teilnehmenden.<\/p>\n<p>Siehe Ausbildung zu MEM Practitioner &#8211;\u00a0<a href=\"https:\/\/nlp-core.ch\/index.php\/mem-coaching-und-ausbildung\/\" target=\"_blank\" rel=\"noopener\">Siehe Ausbildungen<\/a>\u00a0<\/p>\n<p>&nbsp;<\/p>\n<p>[\/et_pb_text][\/et_pb_column][\/et_pb_row][\/et_pb_section]<\/p>\n","protected":false},"excerpt":{"rendered":"<p>Sie bringen das Thema und das Anliegen &#8211; ich w\u00e4hle entsprechend der Thematik, der Dynamik und der Richtung der L\u00f6sung die Methode, die Sie optimal unterst\u00fctzt.\u00a0Milton Ericksons Grundsatz: Jeder Mensch ist einzigartig: Eine Therapie wirkt dann effektiv, wenn sie auf die Besonderheiten und spezifischen Bed\u00fcrfnisse des Klienten zugeschnitten ist.Je nach Problem oder Ziel des Klienten [&hellip;]<\/p>\n","protected":false},"author":1,"featured_media":0,"parent":0,"menu_order":0,"comment_status":"closed","ping_status":"closed","template":"","meta":{"_et_pb_use_builder":"on","_et_pb_old_content":"","_et_gb_content_width":"","footnotes":""},"class_list":["post-242191","page","type-page","status-publish","hentry"],"_links":{"self":[{"href":"https:\/\/nlp-core.ch\/index.php\/wp-json\/wp\/v2\/pages\/242191","targetHints":{"allow":["GET"]}}],"collection":[{"href":"https:\/\/nlp-core.ch\/index.php\/wp-json\/wp\/v2\/pages"}],"about":[{"href":"https:\/\/nlp-core.ch\/index.php\/wp-json\/wp\/v2\/types\/page"}],"author":[{"embeddable":true,"href":"https:\/\/nlp-core.ch\/index.php\/wp-json\/wp\/v2\/users\/1"}],"replies":[{"embeddable":true,"href":"https:\/\/nlp-core.ch\/index.php\/wp-json\/wp\/v2\/comments?post=242191"}],"version-history":[{"count":45,"href":"https:\/\/nlp-core.ch\/index.php\/wp-json\/wp\/v2\/pages\/242191\/revisions"}],"predecessor-version":[{"id":242870,"href":"https:\/\/nlp-core.ch\/index.php\/wp-json\/wp\/v2\/pages\/242191\/revisions\/242870"}],"wp:attachment":[{"href":"https:\/\/nlp-core.ch\/index.php\/wp-json\/wp\/v2\/media?parent=242191"}],"curies":[{"name":"wp","href":"https:\/\/api.w.org\/{rel}","templated":true}]}}